92.
2, 3, 14533
What are the prime factors of 1125097?
1125097
List the prime factors of 15846851.
751, 21101
List the prime factors of 15370730.
2, 5, 31, 179, 277
List the prime factors of 8531205.
3, 5, 47, 12101
List the prime factors of 7393949.
367, 20147
What are the prime factors of 3427310?
2, 5, 37, 59, 157
List the prime factors of 6575287.
983, 6689
List the prime factors of 2573380.
2, 5, 128669
What are the prime factors of 598267?
79, 7573
What are the prime factors of 1100393?
7, 17, 1321
What are the prime factors of 10236748?
2, 23, 111269
List the prime factors of 54173.
7, 71, 109
List the prime factors of 805942.
2, 19, 127, 167
What are the prime factors of 31390433?
31390433
List the prime factors of 1261133.
1261133
List the prime factors of 174632.
2, 83, 263
What are the prime factors of 1716882?
2, 3, 53, 5399
What are the prime factors of 236677?
7, 33811
What are the prime factors of 16550008?
2, 2068751
What are the prime factors of 177066?
2, 3, 1093
What are the prime factors of 1707490?
2, 5, 170749
List the prime factors of 16830635.
5, 59, 967
List the prime factors of 3808232.
2, 476029
What are the prime factors of 1498998?
2, 3, 249833
List the prime factors of 19725601.
7, 2817943
What are the prime factors of 257700?
2, 3, 5, 859
What are the prime factors of 521032?
2, 65129
List the prime factors of 40373.
47, 859
List the prime factors of 881622.
2, 3, 7, 6997
List the prime factors of 2607333.
3, 71, 12241
What are the prime factors of 8488316?
2, 2122079
List the prime factors of 1120955.
5, 11, 89, 229
What are the prime factors of 7412511?
3, 47, 52571
What are the prime factors of 16529607?
3, 1836623
What are the prime factors of 168236?
2, 137, 307
What are the prime factors of 3825384?
2, 3, 19, 8389
What are the prime factors of 1038854?
2, 519427
List the prime factors of 93784.
2, 19, 617
List the prime factors of 173929.
7, 24847
List the prime factors of 7963237.
7963237
List the prime factors of 19708077.
3, 197, 33347
What are the prime factors of 2456484?
2, 3, 204707
What are the prime factors of 146528?
2, 19, 241
List the prime factors of 3935698.
2, 13, 19, 31, 257
What are the prime factors of 190081?
131, 1451
List the prime factors of 22458245.
5, 47, 227, 421
List the prime factors of 29616333.
3, 9872111
List the prime factors of 31054957.
31054957
List the prime factors of 567173.
37, 15329
What are the prime factors of 696674?
2, 11, 31667
What are the prime factors of 490903?
7, 19, 3691
What are the prime factors of 4679232?
2, 3, 24371
List the prime factors of 1441116.
2, 3, 40031
What are the prime factors of 1918631?
11, 13, 13417
List the prime factors of 359902.
2, 179951
What are the prime factors of 14514923?
17, 853819
List the prime factors of 360825.
3, 5, 17, 283
List the prime factors of 9552571.
7, 29, 47057
List the prime factors of 11036869.
47, 449, 523
List the prime factors of 27704380.
2, 5, 11, 125929
What are the prime factors of 399120?
2, 3, 5, 1663
What are the prime factors of 11914?
2, 7, 23, 37
List the prime factors of 2387865.
3, 5, 159191
What are the prime factors of 198704?
2, 11, 1129
What are the prime factors of 6871382?
2, 7, 167, 2939
What are the prime factors of 2291360?
2, 5, 14321
What are the prime factors of 382529?
7, 54647
What are the prime factors of 10230602?
2, 5115301
What are the prime factors of 6182880?
2, 3, 5, 11, 1171
List the prime factors of 12559185.
3, 5, 31, 3001
What are the prime factors of 4909342?
2, 2454671
List the prime factors of 416727.
3, 19, 2437
List the prime factors of 450152.
2, 56269
List the prime factors of 272670.
2, 3, 5, 61, 149
What are the prime factors of 1711698?
2, 3, 285283
What are the prime factors of 92188?
2, 19, 1213
List the prime factors of 33692844.
2, 3, 17, 165161
List the prime factors of 602378.
2, 7, 17, 2531
What are the prime factors of 8532262?
2, 1933, 2207
List the prime factors of 12958488.
2, 3, 17, 3529
List the prime factors of 1657758.
2, 3, 276293
What are the prime factors of 116737?
107, 1091
What are the prime factors of 9327707?
347, 26881
What are the prime factors of 3012526?
2, 11, 19, 7207
What are the prime factors of 7725138?
2, 3, 31, 41, 1013
What are the prime factors of 1932280?
2, 5, 7, 67, 103
List the prime factors of 1430970.
2, 3, 5, 47699
List the prime factors of 9554587.
7, 19, 199
What are the prime factors of 106896?
2, 3, 17, 131
What are the prime factors of 2336875?
5, 3739
What are the prime factors of 6531433?
6531433
List the prime factors of 5595904.
2, 21859
What are the prime factors of 3097406?
2, 13, 119131
What are the prime factors of 14744?
2, 19, 97
What are the prime factors of 380801?
197, 1933
List the prime factors of 195477.
3, 23, 2833
List the prime factors of 22648326.
2, 3, 223, 16927
What are the prime factors of 694738?
2, 11, 23, 1373
List the prime factors of 2016808.
2, 252101
What are the prime factors of 5779325?
5, 19, 23
What are the prime factors of 1900081?
1021, 1861
List the prime factors of 1017890.
2, 5, 101789
List the prime factors of 266772.
2, 3, 11, 43, 47
List the prime factors of 204696.
2, 3, 2843
What are the prime factors of 41928173?
7, 59, 14503
What are the prime factors of 25369307?
139, 229, 797
List the prime factors of 4608886.
2, 2304443
List the prime factors of 1597406.
2, 19, 127, 331
List the prime factors of 59134.
2, 29567
List the prime factors of 28831500.
2, 3, 5, 43, 149
List the prime factors of 1491154.
2, 7, 43, 2477
What are the prime factors of 11079652?
2, 23, 120431
What are the prime factors of 37216?
2, 1163
What are the prime factors of 14365644?
2, 3, 47, 25471
What are the prime factors of 2303064?
2, 3, 29, 1103
List the prime factors of 25709520.
2, 3, 5, 107123
List the prime factors of 546872.
2, 197, 347
What are the prime factors of 405832?
2, 7, 7247
What are the prime factors of 1391264?
2, 7, 6211
List the prime factors of 9835097.
457, 21521
List the prime factors of 767235.
3, 5, 7, 7307
List the prime factors of 4887831.
3, 13, 125329
What are the prime factors of 318453?
3, 101, 1051
List the prime factors of 28428416.
2, 41, 5417
List the prime factors of 4702765.
5, 940553
List the prime factors of 12644927.
47, 269041
What are the prime factors of 21857838?
2, 3, 41, 88853
List the prime factors of 2286066.
2, 3, 381011
What are the prime factors of 789186?
2, 3, 103, 1277
List the prime factors of 1117586.
2, 558793
List the prime factors of 450773.
83, 5431
What are the prime factors of 368278?
2, 59, 3121
What are the prime factors of 3017001?
3, 13, 77359
What are the prime factors of 10967544?
2, 3, 7, 47, 463
What are the prime factors of 6211524?
2, 3, 11, 47057
What are the prime factors of 5673262?
2, 7, 311, 1303
List the prime factors of 3628070.
2, 5, 461, 787
What are the prime factors of 1181644?
2, 295411
List the prime factors of 186828.
2, 3, 15569
List the prime factors of 9440401.
9440401
List the prime factors of 16661344.
2, 7, 74381
What are the prime factors of 6811688?
2, 13, 65497
What are the prime factors of 3329550?
2, 3, 5, 7, 151
List the prime factors of 527213.
37, 14249
List the prime factors of 4422421.
19, 43, 5413
What are the prime factors of 611694?
2, 3, 17, 1999
What are the prime factors of 1403334?
2, 3, 53, 1471
List the prime factors of 9241381.
9241381
What are the prime factors of 1344774?
2, 3, 224129
What are the prime factors of 3996388?
2, 11, 23, 359
List the prime factors of 6920214.
2, 3, 7, 164767
List the prime factors of 1282840.
2, 5, 13, 2467
What are the prime factors of 25770036?
2, 3, 2147503
List the prime factors of 310509.
3, 34501
List the prime factors of 229042.
2, 11, 29, 359
List the prime factors of 1519320.
2, 3, 5, 11, 1151
What are the prime factors of 979865?
5, 195973
What are the prime factors of 761370?
2, 3, 5, 41, 619
What are the prime factors of 1606460?
2, 5, 47, 1709
What are the prime factors of 44549?
44549
What are the prime factors of 18415802?
2, 9207901
List the prime factors of 8434043.
19, 61, 383
List the prime factors of 5118099.
3, 7, 37, 941
List the prime factors of 4989698.
2, 7, 31, 11497
What are the prime factors of 5250121?
5250121
What are 